 + 57.
-6
-1 + 6 + 6 - (63 + -23 + 18 + 5)
-52
Evaluate (-171 - -9 - -38) + 20 + 15.
-89
(-7 + -7 - -11 - -10) + -2 + (-94 - 2)
-91
What is 58 + -13 + -24 + -4?
17
What is the value of 3 - 71 - ((23 - -6) + -35 + 2)?
-64
1 + (-26 + -7 - -39) + 24 + 1
32
What is the value of 25 - (-46 + 78 - 2)?
-5
(19 - 8) + -26 - (5 + -22)
2
Calculate -3 - -5 - 21 - (-4985 + 4957).
9
Evaluate -1 + 8 + (644 - 592) + 56 + 1.
116
29 - (-18 - (-14 - (-15 - -12)))
36
What is the value of 64 + 13 + -19 + (-5 + 1 - 0) + -6?
48
-52 - (-43 - 49) - 37
3
Evaluate -2 + (-4 - -2) + 6 - (-70 + (-4 - 4)).
80
9 - (-9 - -6) - (63 + -66 + (12 - 2))
5
-8 + -1 + 8 + 3 + (-3 + -3 - -8)
4
What is 0 + -2 + -2 - ((6 + -14 - 0) + 16)?
-12
Calculate (8 - 18) + 75 + -33.
32
(-390 - -437) + -1 + -13 + 6
39
Calculate (-4 - 10 - -20) + -75.
-69
Evaluate 19 + (-18 - -51 - (41 - 23)).
34
Calculate -7 - (3 + -2) - 14.
-22
What is the value of 6 + -20 - -56 - 55?
-13
What is the value of (43 - (4 + 51) - -10) + -4 + 0?
-6
Evaluate 2 + -43 + (-11 - -57).
5
What is 92 + -86 + (4 - (3 - -15)) + 5?
-3
306 + -327 + 7 + 51
37
Evaluate 42 + (3 + -15 + -7 - (-46 + 22 - -11)).
36
What is the value of 4 + (-152 - (-47 - 14))?
-87
Evaluate 12 - (64 - (42 + -29)).
-39
(2 - -41) + -26 + 16
33
What is 21 + 38 + (-85 - -9)?
-17
Evaluate 293 + -236 - (9 + -39 - 4).
91
Calculate 49 + -28 + 52 + -93.
-20
-5 + (-42 - (17 + -25 + -4))
-35
Evaluate -29 - -44 - (9 - 16 - -27).
-5
Evaluate 23 - (57 + -34 + 4).
-4
What is the value of -8 + -1 + 18 + -111 + 3 - -17?
-82
What is -36 - ((11 - 124) + -17 - -32)?
62
(-10 + 17 - -11) + -31 + 47 + 0
34
What is (-336 - -310) + -6 + 24?
-8
What is the value of 210 - 192 - (4 - (-9 + 9 + -6))?
8
Evaluate (-29 - 8 - -62) + 0 + -1 + 5.
29
Calculate 101 + (36 + -46 - 49).
42
What is the value of (-2 - (1 - 5 - -8)) + (269 + -77 - 51)?
135
Calculate 8649 + -8775 + (-1 + -1 + 5 + -6 - -1).
-128
-7 - (13 + -11 - (4 + 7)) - 56
-54
143 - 75 - (29 + -25 + (-2 + 4 - -5))
57
5 - (-10 + 22 + 32)
-39
What is -19 + (-359 + 356 - (-1 - 21))?
0
What is (40 - 48) + (-57 - (3 + 8 + -19))?
-57
Calculate (-11 - -7 - -14) + -26 + 6 + 0 + 45.
35
(0 - -9) + 1237 + -1243
3
9 + -69 + 8 + 33
-19
9 + -3 - 42 - ((8 - 11) + -2 + -2)
-29
Calculate (17 - (162 + -75)) + (-7 - 1).
-78
What is -36 - (-10 + 5) - -7 - -23 - (-1 + 1)?
-1
Calculate 8 + -2 + 72 + (2 - -11 - 17).
74
Evaluate -70 + 38 + 120 + -8.
80
Calculate -38 + -29 + 77 - ((8 - 5) + -3 - -4).
6
Evaluate (-19 + 14 - 28) + -17 + -64.
-114
Calculate -869 + 866 + (-13 + 1 - 2).
-17
Evaluate (13 + -1 - -3) + -22 - 10.
-17
Evaluate -29 - (-113 - -55 - -1).
28
What is 2 - -15 - (110 - (21 - -106))?
34
Calculate 10 - (84 + -96 + 9 + 1 + 15) - 55.
-58
(-15 - 0) + (32 + (-18 - -3) - 60)
-58
Evaluate -22 + 34 + -97 + 53 + (31 - 0).
-1
(-26 - 4) + (3 - (21 + -22))
-26
-43 + 25 + (-18 - -1) - (5 - (1 + 0))
-39
What is the value of 12 - 9 - (1 + 6) - (-62 - -62)?
-4
Evaluate 0 - -95 - (5 + (5 - -14 - (-9 + 35))).
97
What is 12 + (1 - -10 - (-74 + 96)) + -37?
-36
Calculate -52 - (-11 + 20 + 19).
-80
8427 - 8382 - (176 + 2)
-133
Calculate (-56 - -5 - -110) + -23.
36
-38 - (-9 - -29 - -23) - -35
-46
Evaluate -6 + (-3 + 8 - -7) + (-2 - -4) - 47.
-39
Evaluate -13 + 33 + (-3 - 12) + (-10 - -23).
18
What is the value of -4 + 12 - (-8 + 4 - 0)?
12
What is the value of (38 - 20) + -46 - (-87 - -6)?
53
What is the value of (-29 + 1 - -41) + 18?
31
(9 - -49 - -59) + -4
113
Evaluate 16 - (44 - (-31 + 33) - 78).
52
Calculate -122 + (86 + -81 - -14).
-103
Evaluate (0 - 2) + -4 + -8 + 1 + -37 + 36.
-14
Calculate -5 + (-3 - -12 - -2) + -18 + 6.
-6
Evaluate -271 + 139 - (-59 + 0).
-73
Calculate 6 + 5 + (11 - 8) - (-1 - (-67 - 4)).
-56
What is (-17 - 10 - (-47 + 25 - -2)) + 12 + 0?
5
What is the value of 56 + (-1 - 0) + (33 - (-32 - (-85 - -19)))?
54
Calculate 12 + (6 - -3) + (-45 - -25) + 4 + -69.
-64
Evaluate 11 - (-16 - (-6 + 16 - 0)).
37
What is (0 + -14 - -11) + 7 + (0 - (31 - -2))?
-29
What is the value of -1606 + 1617 + (31 - 2)?
40
What is 3 - 17 - (-4 + -10 + -1 + 13)?
-12
Calculate (-18 - -2) + (-4872 - -4859).
-29
What is the value of (-4 - -9 - 86) + (-16 - -18 - -2 - -10)?
-67
Evaluate 1 + 2 + -61 + 29 + 20 + (75 - -7).
73
Calculate (118 - 0) + (-144 - -210 - 111).
73
Evaluate (-71 - (-9 - 0)) + -108 + 124.
-46
What is the value of -60 + 122 + 7 + 1 + 8?
78
Evaluate (21 - 4 - (-21 + 17 + 23)) + 33.
31
Calculate (-23 + 24 - (-41 - -87)) + (-1 + 10 - 0).
-36
What is the value of 35 + 63 + -48 + 8?
58
Calculate -2 - (-4 + 3 - 1 - (175 + -169)).
6
Calculate -32 - (9 + (20 - 26)) - 4.
-39
Evaluate (-45 - -51) + 62 + -33.
35
What is the value of 8 + ((6 - (0 + -34)) + (4 - 8) - 9)?
35
Calculate (-8 - -40) + -8 + 2 + 5.
31
What is 32 + -23 + 4 - (3 + -7 - 2)?
19
Evaluate -40 + (41 - (1 - -36)).
-36
13 + -17 + (10 - 17 - 14)
-25
Calculate 12 + -4 - (-6 - (41 - (32 - 19))).
42
What is -29 + -12 + -17 + 2 + 14?
-42
What is the value of -1 + 2 - ((-104 - -38) + 6 + -43)?
104
What is the value of (23 - 46) + 54 - 29?
2
What is the value of (36 - (87 + 3)) + 18?
-36
What is 19 + (30 + -41 - -40) + -1?
47
-46 - -42 - -8 - (0 - 3)
7
Calculate 0 + (-13 - -3) + 4 + 6 + -33 - 6.
-39
Evaluate -7 + -41 - -16 - -35.
3
What is -76 + 99 + (-56 - -1)?
-32
What is (1 - -3) + -62 + (28 - 18) + -5 - -7?
-46
Calculate (-3 - (1 - 48)) + (-21 - (-31 + 17)).
37
Evaluate (-60 - (-5 - 58)) + 2 + -2.
3
-542 + 569 - (-2 + 1 + 11)
17
Evaluate 111 - (109 - (8 + 69)).
79
What is 39 + -25 + -5 + (2 - 10)?
1
(-2 - 46 - (-15 - -19)) + 7
-45
Evaluate (1 - 6 - (-28 - (31 + -111 + -41))) + 12.
-86
What is (2 - -33) + (32 - (-59 - -89))?
37
What is the value of -32 + 24 + -23 + 8 + -3?
-26
Calculate 1 + 14 + 115 + -4 + -163.
-37
What is (-160 - (-158 - 54)) + (1 + 0 + -8 - 2)?
43
35 + (-1 - (15 - 22))
41
What is 3188 + -3200 - ((1 - -53 - (9 - 6)) + 2)?
-65
Evaluate -1 + -6 - ((-2 - 22) + 10 + (-7 - 1)).
15
What is -5 - (-6 + 1 + 3 + 205 + -192)?
-16
-30 - (13 + -1 + (-94 - -71)) - -100
81
Calculate -41 - (2 + 35 + -17) - -17.
-44
-36 - 0 - (178 + -410 - -206)
-10
Calculate -42 + -2 + (154 - 101).
9
81 + -44 + (0 - (-7 + -11)) - -20
75
What is the value of -200 - -147 - (-1 - 54)?
2
What is 37 + (-868 - -906 - (0 + 185))?
-110
What is -28 + -69 + 35 + 13?
-49
What is the value of -69 + 67 - -34 - -23?
55
What is the value of (-25 - 13) + 31 - (-7 + 7)?
-7
Calculate (-28 - (-87 - -11)) + -7.
41
Calculate 54 + (2 - (129 - -58)).
-131
What is the value of (-3 - -97 - 6) + (-33 - -23) + 2?
80
Evaluate 27 + 17 + -14 - 22.
8
Calculate -101 - -1 - (-14277 - -14071).
106
What is the value of 12 - (100 - (97 + 67))?
76
What is the value of -28 + (-43 - -25) + 14?
-32
What is -3 - (-32 + 14 + -32) - 0?
47
Evaluate 27 - (-19 + 30 - (0 + 2) - 7).
25
Calculate -1 + (-2 - -84) - (30 - 41 - -25).
67
6 + (-42 + 5 - -49)
18
What is 1 + -19 + (-8 - (-82 - -31) - 58)?
-33
Evaluate -1 + 1 + (18 - 40 - -82) + -1 + 3.
62
Evaluate (-71 - 3) + (1 - -18 - 19).
-74
What is -23 + 79 + -65 + 4?
-5
(-5 + 39 + -15 - 33) + -26
-40
What is the value of -4 + -3 + 1 - ((36 - (5 + -1)) + 11)?
-49
8 - (8 - (6 + 0 - 16))
-10
Calculate 9 + (3 - -2) + -59 + -15 + 15 - 4.
-49
Calculate 124 - (-22 + (-16 - -19) - -42 - 18).
119
Evaluate -21 + (26 - 59) + 44.
-10
Evaluate 19 + 9 + (-12 - 27) - 131.
-142
Evaluate -6 + 6 - (107 + -95 - -78).
-90
Evaluate -39 - 6 - 3 - ((18 - 11) + -15 - 7).
-33
7 + (-57 - ((11 - 9) + -10 + 6))
-48
What is 117 - (120 - 118 - -29)?
86
-81 + 83 + 153 + -121
34
(3 + -1 - 3) + -70 + 28 + -18
-61
What is -68 + (-5 - (-9 - (11 - 8))) + 1?
-60
Evaluate -1399 - -1338 - (-2 - -3).
-62
Calculate 61 + -136 + (48 - 1).
-28
Evaluate (-207 + 108 - -130) + -13.
18
Evaluate -53 + 46 + -39 + 48.
2
Calculate (5 - 0) + -3 + 32 + -12 + -3 + 26.
45
What is -120 - -90 - 2 - 85?
-117
Evaluate -17 + 11 + 48 + 6 - 6.
42
-16 + 17 + (-3 - 85) + 23
-64
Evaluate 13 + (-136 - -139 - (1 + -110 - (4 - 7))).
122
Calculate -10 + (-68 - (29 - 68)) - 0.
-39
-2 + -2 + 0 + 781 + -783 + -3
-9
What is the value of 5 - (-17 + 16) - 4 - 17 - -44?
29
-1 + (79 - 6) + 2 + (-52 - -53)
75
What is -38 - ((1 - 26) + (-329 - -347))?
-31
Evaluate (-3 - -2) + -54 + -46 + (1 - -2) + 6.
-92
What is -24 - (35 - 15) - -64?
20
What is 11 + (49 - 27) + -26 + 2?
9
13 - -1